709*b = 705*b + 458, 7 = -b. Calculate the greatest common factor of r and n.
27
Suppose -4*u + 120 = 3*q - 6*q, -2*u - 3*q = -78. What is the highest common divisor of 4983 and u?
33
Let c(m) = 8*m - 26. Let d be c(3). Let l be d/(-4)*(9 + 167 + 8). What is the greatest common divisor of l and 23?
23
Let l be (1 - 4)/((-55)/220). Suppose 0 = -l*s + 3729 + 2607. What is the greatest common divisor of s and 48?
48
Let l(a) = 9*a**2 + 2*a + 3. Let q be l(-3). Suppose -2*d = -2*j + 2, j = -3*d - 125 + 150. What is the greatest common divisor of d and q?
6
Let u be 1003/4 + (-19)/(228/9). Calculate the greatest common factor of u and 5.
5
Suppose 0 = 3*n + 9*n. Suppose 2*k + 4*t - 6 = -2, n = 2*k - 3*t - 4. Suppose s + 9 = k*s - i, -4*i = -5*s + 40. What is the highest common divisor of s and 4?
4
Let b be -100 + 81 - (-142 - 1). What is the highest common divisor of b and 58?
2
Suppose 8*u + 1681 - 1791 = 4082. Calculate the greatest common factor of u and 8.
4
Let d(t) = -4*t**3 + 2*t**2 - 3*t + 2. Let w be d(1). Let o be ((-10)/(-15))/2 - 104/w. Let c = 16 - -19. What is the greatest common divisor of c and o?
35
Let r = -8150 + 8215. Calculate the highest common divisor of r and 377.
13
Let h = -3135 + 3254. Calculate the highest common factor of h and 98.
7
Let r be (0 - 4)*(-7 + 204/16). Suppose 2*a - 5*a - 45 = 0. Let u = a - r. What is the greatest common divisor of u and 56?
8
Suppose -3*f + 21 - 6 = -3*p, -3*p + 4*f - 19 = 0. Let m be (p - -1) + 8*(-6)/4. Let k be 2*9/m*-6. What is the highest common factor of k and 99?
9
Let i(t) be the third derivative of -13*t**4/24 + 13*t**3/6 + 76*t**2. Let d be i(-1). Calculate the greatest common divisor of 52 and d.
26
Suppose z - 89 = t - 4*z - 41, 0 = -5*t + z. Suppose 205 = y + 4*y. What is the highest common divisor of y and t?
1
Let l(r) = 3*r + 39. Let z be l(-9). Suppose -z*p + 35*p - 184 = 0. What is the greatest common factor of p and 68?
4
Let k = -6151 + 6178. Let s be 1/2 - 862/(-4). Calculate the greatest common factor of s and k.
27
Let j be 16*39*31/93. Let q = j - 196. Calculate the highest common divisor of 132 and q.
12
Suppose -96 = 128*m - 134*m. Suppose 0 = f + 4*f - 120. What is the highest common divisor of f and m?
8
Let k(c) = c**2 - 359*c + 2132. Let u be k(6). What is the greatest common factor of 448 and u?
14
Let m(t) = 688*t**2 - 245*t + 19. Let y be m(4). What is the highest common divisor of y and 3?
3
Let j(g) = g**2 + g + 1. Let r be j(-2). Suppose 0*o - 2 = o. Let v be o/(-10) + 8/10. What is the greatest common divisor of r and v?
1
Let o = -10 + 53. Suppose 0 = -2*g + 2, 4*h - 8*h - 2*g = 38. Let x be 301*(16/56 - h/14). Calculate the greatest common divisor of o and x.
43
Let r = -1966 + 2218. What is the greatest common divisor of r and 644?
28
Let a(s) = -9*s + 47. Let w be a(5). Suppose 0 = 2*t - w*u - 1126, -6*t + 4*u = -7*t + 568. What is the highest common factor of t and 24?
12
Let m = 18480 + -18361. What is the greatest common factor of m and 63903?
119
Suppose -24*b = -18*b - 42. Let r(f) = 8*f**2 - 48*f - 2. Let z be r(b). Calculate the greatest common divisor of z and 126.
18
Suppose -353*a + 7454 = -66676. Calculate the greatest common factor of a and 3486.
42
Let g(c) = c**3 - 12*c**2 + 19*c - 352. Let t be g(13). What is the highest common factor of t and 2192?
16
Let p be 1741 + (((-255)/60)/(-17) - 38/(-8)). What is the highest common factor of 18 and p?
18
Suppose -4*x - 4*y = -7148, y = -43 + 44. Calculate the greatest common divisor of 564 and x.
94
Suppose -168 = 18*s - 546. Let m be -1 - (-2)/(-1)*-13. Let i = m - s. What is the highest common factor of i and 4?
4
Let r be ((-6)/4)/(7/(-28)). Suppose 121 - 148 = 100*a - 627. Calculate the greatest common divisor of a and r.
6
Suppose 484*f + 5*k + 8623 = 488*f, -2140 = -f + 3*k. Calculate the highest common factor of f and 44.
11
Suppose -7606 = -4*h - 2*o, 5*h + 2*o - 1113 = 8395. What is the highest common factor of 6 and h?
6
Let u be (-1987)/(-9) - ((-188)/36 + 5). Suppose 3 = -f, -5*l + u = -f + 4*f. Let v be 1 - l/(-4) - (-9)/(-18). What is the greatest common factor of v and 96?
12
Suppose -2655 = -273*s + 264*s. Suppose p - 4*u - 130 = 0, -3*p + 8*p + 4*u = 578. Calculate the highest common divisor of s and p.
59
Let i(z) = 3*z + 20. Let o be i(1). Suppose -o*d + 252 = -16*d. What is the greatest common divisor of d and 28?
4
Suppose m - 20 = -0. Suppose 972 = m*d - 2*d. What is the greatest common factor of 3 and d?
3
Let j = -16 + 24. Let c be -5 - -63 - (6 + 3)/(-3). Let a = -49 + c. What is the highest common divisor of a and j?
4
Let h(p) = -2*p**3 + 64*p**2 - 38*p + 62. Let u be h(28). What is the greatest common factor of 186 and u?
62
Suppose -101*t = -4*o - 98*t + 320, 4*o - 2*t = 320. What is the greatest common divisor of o and 272?
16
Let b = 3191 - 3188. Suppose -l - 4*y - 30 = 0, -4*l + 5*y = -2 + 17. Let k be -12*(l/8 + 0). What is the highest common factor of b and k?
3
Suppose -4*g = -b - 558 + 2117, -5*b = 2*g + 763. Let k = g - -467. Calculate the highest common factor of k and 12.
6
Suppose -3*y - 57*y - 11290 = -38770. Calculate the greatest common factor of y and 2.
2
Let o be (-16)/20*(-45)/(-2). Let a be ((-12)/o)/((-3)/(-18)). Suppose p + 73 = a*z, -2 = -p - 7. Calculate the highest common divisor of z and 187.
17
Let b be 56500/10 + -15 + 8. What is the highest common divisor of 1463 and b?
209
Suppose -52*u + 6*u + 1377 = -19*u. Let c(d) = -18*d - 1. Let h be c(-1). Calculate the greatest common divisor of h and u.
17
Suppose -2*i = f - 1471, -5*i + 3679 = -14*f + 15*f. Calculate the greatest common divisor of i and 161.
23
Let c be (77/21)/(2/78). Suppose -8 = -2*p - 3*l, -3*p + 5*l - 25 = -18. Suppose 0 = -4*f - 4, 3*v + 3*f + p = 31. What is the highest common factor of c and v?
11
Let f(b) = b**3 + 6*b**2 + 6*b + 3. Let l be f(-2). Suppose 0 = 4*j - s - 591, l*j - 6*j - 4*s - 144 = 0. Calculate the greatest common factor of j and 518.
74
Let w = 101 - 89. Let y be 3 - (w/(-2) + 2). Calculate the greatest common factor of 357 and y.
7
Let n = -72 + 102. Let f(x) = -21 + n + 13*x - 8*x - x**2. Let h be f(6). Calculate the greatest common factor of h and 15.
3
Let d be (-6694)/(-12) - (6 + 111/(-18)). Suppose d*r + 9 = 559*r. Calculate the highest common factor of 69 and r.
3
Suppose -3*p - 43 = -5*a - 24, 0 = 3*p - a - 1. Let c be (-3)/2*196/(-21). Let f = c - -8. What is the highest common factor of p and f?
2
Let s = -99 - -74. Let f be 10/(-7)*(s + 11). Let i be ((-330)/f)/(2/(-24)). Calculate the highest common divisor of 18 and i.
18
Suppose 6*x - 136 = 2*x. Suppose f - x = 6*c - 4*c, -3*c - 15 = 0. Let q = 48 - f. What is the greatest common factor of 8 and q?
8
Let x(o) = 7*o + 22. Let q be x(4). Suppose 0 = 2*f + 26 - 82. Let l be (-8)/(-28) + 272/f. What is the greatest common factor of l and q?
10
Suppose -4*b - m + 9 = 0, -b + 5*m - 1 = 2*m. Let g(l) = -l - b - 5*l - 2 - 5*l**2 + 7*l**2. Let q be g(5). What is the greatest common divisor of q and 8?
8
Suppose 2*z - 36*z = -20978. Let s = 633 - z. What is the greatest common factor of s and 624?
16
Suppose -16*q - 10 = -17*q. Let k be 16/6*(-2 - 1/4). Let x be (-2 - -42) + 0/(k/3). Calculate the highest common divisor of q and x.
10
Let k be 19/(342/(-84))*-9. What is the greatest common divisor of 14 and k?
14
Suppose 3*w - 18 = w. Let v = -170 + 350. Calculate the greatest common factor of v and w.
9
Suppose -9 = -3*q + 21. Let y = -97 - -106. Let x be (y/6)/(21/140). What is the highest common divisor of q and x?
10
Suppose n - 417 = 5*t - 389, -31 = -2*n + 5*t. What is the highest common factor of 52 and n?
1
Let m(h) = h**3 + 4*h**2 + 31*h - 57. Let n be m(13). What is the greatest common factor of n and 174?
87
Let t(o) = -10*o + 24. Let y be t(2). Suppose 0 = -4*s - 4, -s = -y*d + 50 - 1. Calculate the highest common factor of d and 12.
12
Suppose 48*y = 43*y + 10. Suppose 0 = y*a + 11*h - 12*h - 129, -5*a = -h - 327. Let c(s) = s + 2. Let u be c(4). What is the highest common factor of u and a?
6
Let m be (-2 - 1) + (-207)/(-18)*6. Suppose -i - 51 = 2*i. Let p = -11 - i. Calculate the greatest common divisor of m and p.
6
Let y = 13981 + -13975. What is the highest common diviso